{"id":7,"date":"2020-09-01T11:14:34","date_gmt":"2020-09-01T11:14:34","guid":{"rendered":"https:\/\/impossible-radio.es\/?page_id=7"},"modified":"2021-06-09T14:27:49","modified_gmt":"2021-06-09T12:27:49","slug":"impossible-radio-home-page","status":"publish","type":"page","link":"https:\/\/impossible-radio.es\/","title":{"rendered":"Home"},"content":{"rendered":"\n<div class=\"wp-block-columns is-layout-flex wp-container-core-columns-is-layout-9d6595d7 wp-block-columns-is-layout-flex\">\n<div class=\"wp-block-column is-layout-flow wp-block-column-is-layout-flow\">\n<p>Como es una radio, y el &#8220;poder&#8221; lo da la voz, hay d\u00edas que hago programas en directo. Sobre todo de opini\u00f3n, ya que, si pongo m\u00fasica, tanto Twitch, como Youtube, no me dejan monetizar el video o la transmisi\u00f3n. Corren tiempos dif\u00edciles, estoy desempleado y esta es una manera de aprovechar internet, antes de que me la corten por no poder pagar. As\u00ed que, si quieres ayudarme suscribi\u00e9ndote a mis canales de Twitch y Youtube y, adem\u00e1s, coment\u00e1ndolo con tus amigos y conocidos, me har\u00edas un gran favor.<\/p>\n<\/div>\n\n\n\n<div class=\"wp-block-column is-layout-flow wp-block-column-is-layout-flow\">\n<p>As it is a radio, and the &#8220;power&#8221; is given by the voice, there are days when I do live programs. Especially opinion, since, if I put music, both Twitch and YouTube, they do not let me monetize the video or the transmission. These are difficult times, I am unemployed and this is a way to take advantage of the internet, before they cut it off for not being able to pay. So, if you want to help me by subscribing to my Twitch and Youtube channels and also commenting on it with your friends and acquaintances, you would do me a great favor.<\/p>\n<\/div>\n<\/div>\n\n\n\n<p>Twitch 1 (M\u00fasica\/Music): <a rel=\"noreferrer noopener\" href=\"https:\/\/www.twitch.tv\/dj_lahro\" target=\"_blank\">https:\/\/www.twitch.tv\/dj_lahro<\/a><br>Twitch 2 (Solo hablar\/Just Chatting): <a href=\"https:\/\/www.twitch.tv\/impossibleradiozgz\" target=\"_blank\" rel=\"noreferrer noopener\">https:\/\/www.twitch.tv\/impossibleradiozgz<\/a><\/p>\n\n\n\n<p>Youtube: <a href=\"https:\/\/www.youtube.com\/channel\/UC4gfUuJqRyDEmnp_9zUdvtg\" target=\"_blank\" rel=\"noreferrer noopener\">https:\/\/www.youtube.com\/channel\/UC4gfUuJqRyDEmnp_9zUdvtg<\/a><\/p>\n","protected":false},"excerpt":{"rendered":"<p>Como es una radio, y el &#8220;poder&#8221; lo da la voz, hay d\u00edas que hago programas en directo. Sobre todo de opini\u00f3n, ya que, si pongo m\u00fasica, tanto Twitch, como Youtube, no me dejan monetizar&hellip; <\/p>\n<p><a class=\"more-link\" href=\"https:\/\/impossible-radio.es\/\">Continue Reading Home<\/a><\/p>\n","protected":false},"author":2,"featured_media":6,"parent":0,"menu_order":0,"comment_status":"closed","ping_status":"closed","template":"","meta":{"footnotes":""},"class_list":["post-7","page","type-page","status-publish","has-post-thumbnail","hentry"],"_links":{"self":[{"href":"https:\/\/impossible-radio.es\/index.php?rest_route=\/wp\/v2\/pages\/7","targetHints":{"allow":["GET"]}}],"collection":[{"href":"https:\/\/impossible-radio.es\/index.php?rest_route=\/wp\/v2\/pages"}],"about":[{"href":"https:\/\/impossible-radio.es\/index.php?rest_route=\/wp\/v2\/types\/page"}],"author":[{"embeddable":true,"href":"https:\/\/impossible-radio.es\/index.php?rest_route=\/wp\/v2\/users\/2"}],"replies":[{"embeddable":true,"href":"https:\/\/impossible-radio.es\/index.php?rest_route=%2Fwp%2Fv2%2Fcomments&post=7"}],"version-history":[{"count":10,"href":"https:\/\/impossible-radio.es\/index.php?rest_route=\/wp\/v2\/pages\/7\/revisions"}],"predecessor-version":[{"id":207,"href":"https:\/\/impossible-radio.es\/index.php?rest_route=\/wp\/v2\/pages\/7\/revisions\/207"}],"wp:featuredmedia":[{"embeddable":true,"href":"https:\/\/impossible-radio.es\/index.php?rest_route=\/wp\/v2\/media\/6"}],"wp:attachment":[{"href":"https:\/\/impossible-radio.es\/index.php?rest_route=%2Fwp%2Fv2%2Fmedia&parent=7"}],"curies":[{"name":"wp","href":"https:\/\/api.w.org\/{rel}","templated":true}]}}